- -1 - (-5 + 1). Calculate the remainder when 193 is divided by 22/4*(z - -17).
61
Let m(o) = o**2 + 10*o + 6. Let h be m(-10). Suppose 5*s + 0*f = 5*f + 970, -2*f = h. What is the remainder when s is divided by 48?
47
Let i be (5 - 5)*(-3)/6. Suppose 12 + i = -3*s, d - 4*s = 64. Suppose 2*q = 2*f - 30, f + 5*q - 61 = -2*f. Calculate the remainder when d is divided by f.
14
Let p(q) = 4*q**3 - 3*q**2 - 9*q + 13. Calculate the remainder when p(4) is divided by 16.
9
Suppose 0*g = 2*t - g - 13, -t + 9 = -3*g. Suppose -2*j = j + t. What is the remainder when 45 is divided by j - -1 - (-16 - 1)?
13
Let z(w) = -w**3 + 5*w**2 + w + 5. Suppose -90*a = -26*a - 832. Calculate the remainder when z(4) is divided by a.
12
Let x(k) be the first derivative of -10*k + 6 - 3/2*k**2. Calculate the remainder when x(-5) is divided by 2.
1
Let c = 256 + -217. Calculate the remainder when 116 is divided by c.
38
Calculate the remainder when 677/9 + 34/(-153) is divided by 11.
9
Suppose -4 = -4*s + 12. Suppose 0 = -0*m - s*m + 40. What is the remainder when 0 + (-2 - 31/(-1)) is divided by m?
9
Let g = -1683 - -1996. Calculate the remainder when g is divided by 51.
7
Let v = -6 + 9. Suppose 2*b - 3*b + 4 = -v*c, -5*c - 9 = -4*b. Suppose 0 = -r + 16 + b. What is the remainder when 32 is divided by r?
15
Let k(l) = -2*l + 20. Let r be (-5)/((-175)/195) + (-6)/(-14). Calculate the remainder when 15 is divided by k(r).
7
Let x(f) = 7*f**3 + 1. Let b be x(1). Suppose 2*j + 2*j - 96 = -3*u, -2*u = -j - 53. Suppose 2*i - b = u. Calculate the remainder when 52 is divided by i.
16
Suppose 30*f = -p + 28*f + 34, -3*p + 106 = 4*f. Let q(h) = -h**2 + 10*h - 5. Calculate the remainder when p is divided by q(8).
5
Suppose -2*z + 230 = -14. Let x = z - 83. Calculate the remainder when x is divided by 15.
9
Let h(d) = -d**2 + 12*d - 5. Suppose 0 = -4*a + 2*q + 318, 0 + 139 = 2*a + 3*q. What is the remainder when a is divided by h(8)?
23
Let h = -54 + 76. What is the remainder when 417 is divided by h?
21
Let o(v) = 2*v + 65. What is the remainder when 230 is divided by o(6)?
76
Let b(y) = -6*y + 14. Suppose 5*g - 1 = 2*h, -5*h + 3*g - 68 + 18 = 0. Let f(s) = s + 7. Let x be f(h). What is the remainder when b(x) is divided by 13?
11
Suppose -2*g - 154 = -7*d + 4*d, 4*d - 3*g - 205 = 0. Calculate the remainder when d is divided by 14.
10
Suppose -22*h + 724 = -442. Calculate the remainder when h is divided by 14.
11
Suppose 1 + 4 = -v. Let n = -4 - -16. Calculate the remainder when ((-170)/(-25))/((-1)/v) is divided by n.
10
Let f be (7 + -4)/(6/62). Let s = f - 29. Suppose -8 - s = -2*u. Calculate the remainder when 14 is divided by u.
4
Suppose 0 = -5*h + h + 8. Suppose 3*b - 2*p - 57 = 0, -3*b + 62 = b + h*p. Let v(j) = 62*j + 72. Calculate the remainder when b is divided by v(-1).
7
Suppose -8*w + 81 + 279 = 0. Calculate the remainder when w is divided by 32.
13
Suppose -4*p = 4*o - 7*o - 77, -2*p + 40 = -2*o. Calculate the remainder when 132 is divided by p.
13
Let y be (-1)/1*3 + 3. Suppose 0 = 4*x - 3*o - 61, -4*x + y*o + 62 = -2*o. Suppose -3*g + x = g. What is the remainder when 4 is divided by g?
0
Suppose 41 = 5*a + 2*z - 0*z, 4*a - 5*z = 13. Suppose -12*o + 950 = 26*o. Calculate the remainder when o is divided by a.
4
Let k = 3295 + -3284. Let x be (14/4)/((-3)/(-6)). Let d(f) = -f**3 + 6*f**2 + 7*f + 3. What is the remainder when k is divided by d(x)?
2
Let j = 624 + -542. Calculate the remainder when 652 is divided by j.
78
Let a = -3 - -5. Let r(m) be the first derivative of 30*m**2 - 3*m - 2. What is the remainder when r(a) is divided by 24?
21
Let y be 0*60/(-24)*1/(-5). Suppose u - 6*u + 195 = y. Calculate the remainder when 192 is divided by u.
36
Let g be -4 + 10 - 4/4. Suppose 4*y - g*o - 104 = 0, 3*y - 3*o = o + 78. Calculate the remainder when y is divided by 7.
5
Calculate the remainder when 106 is divided by 2/3*(-8 - 485/(-10)).
25
Suppose 4*n = j + 24, 7*n = 2*n - j + 39. Suppose -11*y + 60 = -n*y. Calculate the remainder when y is divided by 2/2*(10 - 2).
7
Let x(s) = s + 31. Let r(v) = -v**2 + 4*v + 10. Let z be r(7). Let d = 181 + -123. Calculate the remainder when d is divided by x(z).
18
Let s = -116 + 171. Let g = -32 + s. What is the remainder when 88 is divided by g?
19
Suppose 0 = 5*t - 2*q + 162 + 31, 2*q - 8 = 0. Let d = -17 - t. What is the remainder when 35 is divided by d?
15
Let f(j) = -2*j**2 + 8*j - 3. Suppose -8*r = -5*r - 18. Let p be f(r). Let d = p + 46. What is the remainder when 94 is divided by d?
18
Suppose -10*x + 216 = 36. Let s(l) = l**2 + 9*l + 7. What is the remainder when x is divided by s(-9)?
4
What is the remainder when 36 is divided by (-5 - -5) + 31 + 5/(-5)?
6
Let w = 18 - -28. Suppose -8*d - 3*d = -990. Calculate the remainder when d is divided by w.
44
Calculate the remainder when 50 is divided by 1/((-72)/(-96) - (-274)/(-376)).
3
Suppose -x = 46*r - 49*r + 319, 3*x + 109 = r. What is the remainder when 295 is divided by r?
83
Let w(n) = 5*n - 63. Calculate the remainder when w(28) is divided by 10.
7
Let x = 8 + 4. Suppose -p + q = -2*q + x, -3*p - 5*q + 6 = 0. Calculate the remainder when 39 is divided by 15 + -3 + (-5 - p).
9
Suppose -16 = -4*g - 0*g. Suppose 0*h + 5*m + 85 = h, -g*h - 2*m = -230. What is the remainder when 63 is divided by (-110)/2*(-24)/h?
19
Let f(r) = r**3 + 15*r**2 - 19*r - 3. Calculate the remainder when f(5) is divided by 31.
30
Suppose -468 = -5*n - 73. Suppose -2*k - b = -79, 2*k - 97 = -4*b + 9*b. Calculate the remainder when n is divided by k.
38
What is the remainder when (651/(-2))/(-7)*(-2 + 4) is divided by 27?
12
Let d = 16 - -37. Suppose -5*v = -4*v - 4*l - d, 133 = 3*v + l. Calculate the remainder when v is divided by 16.
13
Suppose -3*u + 2 = -2*u. What is the remainder when (u - -15)/1 + -2 is divided by -1 - -8 - (0 + -1)?
7
Let k(g) = -4*g**3 - 5*g**2 - 7*g. What is the remainder when 60 is divided by k(-2)?
8
Calculate the remainder when 339 is divided by (9 + (-438)/42)*-7.
9
Suppose 29*q = 18*q + 3102. What is the remainder when q is divided by 19?
16
Suppose -2195 = -23*q + 59. Let x(b) = 33*b**2 + b + 1. What is the remainder when q is divided by x(-1)?
32
Suppose 0 = -4*u - 5*s + 39, -2*s + 48 = 3*u + 10. Let b be 3*(2 + -5 - -12). Let w = 57 - b. What is the remainder when w is divided by u?
14
Let j be (-2)/6 + 10/(-6) + 215. Let n = -32 + 77. Suppose y = -m + n, 5*y + 2*m = -0*m + j. What is the remainder when y is divided by 22?
19
Let q be 9*1/3 - 7. Let c(a) = 2*a**2 + 4*a + 1. What is the remainder when 49 is divided by c(q)?
15
Suppose -2*w - 865 = 3*w. Let j = w - -88. What is the remainder when 6 is divided by (12/(-10))/(34/j)?
0
Let l be (-4 - (-5 - -3))/(4/22). Let u(q) = -q**3 - 8 - 11*q**2 + 24 - q + 0*q**3. Calculate the remainder when 78 is divided by u(l).
24
Let r = 86 - 84. Calculate the remainder when 6 is divided by r.
0
Let o be 66/(-88)*(-24 - 0). Calculate the remainder when 49 is divided by (-74)/(-6) + 12/o.
10
Suppose -h + 3*h + 2*l - 310 = 0, -2*h - 3*l + 314 = 0. Let d = -61 - -75. Calculate the remainder when h is divided by d.
11
Suppose -4*s = -26 - 2. Suppose 11*u - 44 = s*u. Calculate the remainder when 219 is divided by u.
10
Let g = 60 - 35. What is the remainder when 95 is divided by g?
20
Let n(w) = 4*w**3 - 10*w**2 - 10*w - 7. Let l(v) = 3*v**3 - 11*v**2 - 11*v - 7. Let x(h) = 3*l(h) - 2*n(h). What is the remainder when 13 is divided by x(14)?
6
Suppose 345 = 5*n - 3*p, -6*n + 4*p = -9*n + 207. Suppose -t + 76 = 3*t. What is the remainder when n is divided by t?
12
Let y(i) = 3*i**2 + 11*i + 5. Let p(l) = -l**2 - l. Let f(h) = 4*p(h) + y(h). Calculate the remainder when 8 is divided by f(7).
3
Calculate the remainder when 2/(-8)*-2*22 is divided by (108/63)/(2/7).
5
Let m = -414 - -443. Calculate the remainder when m is divided by 13.
3
Let a = 1 - 2. Let s(h) = 8*h + 1. Let d be s(a). Calculate the remainder when 39 is divided by (20/(-3))/(d/21).
19
Suppose 9*v - 14*v + 640 = 0. Calculate the remainder when v is divided by 45.
38
Suppose -5*d - 40 = -9*d. Let r be (36/(-10))/((-16)/40). Calculate the remainder when -3*(798/r)/(-7) is divided by d.
8
Let y(f) = f + 13. Let i(g) be the third derivative of g**4/24 - 10*g**3/3 